late the greatest common divisor of 549556 and 35188.
76
What is the highest common factor of 577116 and 840282?
138
Calculate the greatest common divisor of 1167 and 334363005.
1167
What is the greatest common factor of 35854 and 12658464?
182
What is the greatest common factor of 20 and 5190215?
5
What is the highest common divisor of 30057 and 7307579?
233
Calculate the greatest common divisor of 209412 and 15638.
14
What is the greatest common divisor of 75074 and 298?
2
Calculate the highest common divisor of 5085 and 217204080.
1695
Calculate the highest common factor of 26499528 and 54.
54
What is the greatest common factor of 206024 and 327431?
3679
Calculate the greatest common factor of 6293 and 6188189.
217
Calculate the highest common divisor of 1260 and 326880.
180
Calculate the highest common divisor of 1090 and 1896470.
10
Calculate the highest common factor of 6931920 and 6630.
510
What is the greatest common factor of 1998820 and 23630?
1390
Calculate the greatest common factor of 38425 and 46951.
29
What is the greatest common factor of 88186774 and 970?
194
What is the greatest common factor of 379410 and 3390?
30
Calculate the greatest common divisor of 15899 and 2150057.
13
Calculate the highest common factor of 2870502 and 6.
6
What is the highest common factor of 49082 and 14740217?
2231
Calculate the highest common divisor of 126887984 and 10992.
3664
Calculate the greatest common factor of 194461893 and 369.
369
Calculate the greatest common divisor of 24931 and 1306684.
107
Calculate the greatest common factor of 1646 and 41799347.
823
What is the greatest common divisor of 1021152 and 1285143?
2901
Calculate the highest common factor of 1067728 and 1504.
16
Calculate the highest common divisor of 1558408 and 16600.
664
What is the greatest common divisor of 186082 and 11934?
442
What is the greatest common divisor of 287325 and 600?
75
Calculate the highest common divisor of 23903041 and 205.
41
What is the greatest common divisor of 14 and 3726086?
14
What is the greatest common factor of 283606 and 520?
2
What is the greatest common divisor of 420 and 9509556?
84
Calculate the greatest common divisor of 2166 and 40187603.
361
What is the greatest common factor of 9882 and 61938?
54
What is the greatest common divisor of 399 and 1224951?
21
What is the greatest common factor of 3332359 and 927?
103
Calculate the highest common factor of 140 and 546301.
7
Calculate the greatest common factor of 76 and 46746688.
76
What is the highest common factor of 2997063 and 1044?
261
What is the greatest common divisor of 215215 and 30186?
559
Calculate the greatest common divisor of 1446238416 and 34011.
11337
What is the highest common divisor of 198 and 37455627?
33
Calculate the greatest common factor of 1471793 and 63457.
2047
Calculate the highest common divisor of 189 and 603779724.
27
What is the greatest common factor of 421815 and 40260?
915
What is the highest common factor of 87258643 and 2605?
521
What is the highest common divisor of 82140982 and 706?
706
What is the greatest common divisor of 320 and 84160160?
160
What is the highest common divisor of 52379724 and 1756?
1756
What is the highest common factor of 8488 and 150876322?
2122
What is the highest common divisor of 1936927 and 19692?
547
What is the greatest common factor of 1004841520 and 240?
80
Calculate the highest common divisor of 91829395 and 15.
5
Calculate the greatest common divisor of 8768500 and 20501.
247
What is the highest common divisor of 2762363 and 24467?
43
What is the highest common divisor of 808144 and 7420?
212
Calculate the greatest common factor of 6152 and 594437.
769
Calculate the highest common factor of 1190458 and 478.
2
What is the highest common factor of 109788029 and 446?
223
What is the greatest common factor of 219 and 1461387?
219
What is the highest common divisor of 8440479 and 18879?
87
Calculate the highest common factor of 100921280 and 60.
20
What is the highest common divisor of 512 and 51440896?
256
What is the greatest common divisor of 155651265 and 15?
15
What is the highest common factor of 352124 and 3008?
188
What is the greatest common divisor of 11791 and 615914?
13
What is the highest common factor of 2 and 378874?
2
Calculate the highest common divisor of 658013 and 3799.
131
What is the greatest common factor of 5 and 330197545?
5
Calculate the greatest common factor of 24604964 and 14.
2
Calculate the highest common factor of 10 and 125497634.
2
What is the greatest common factor of 1581405 and 2163?
21
Calculate the highest common factor of 100229037 and 3419.
263
Calculate the highest common factor of 4505187 and 136.
17
What is the greatest common factor of 162073 and 779?
41
What is the highest common divisor of 6746861 and 83088?
577
What is the greatest common divisor of 127088 and 69056?
208
Calculate the greatest common divisor of 106931 and 132209.
11
What is the greatest common factor of 303 and 152154581?
101
Calculate the greatest common divisor of 56555600 and 170.
170
Calculate the highest common factor of 13842 and 92624512.
1538
What is the highest common factor of 25970 and 880530?
490
Calculate the greatest common factor of 19152450 and 12.
6
What is the highest common factor of 8983 and 9172334?
691
What is the highest common factor of 104 and 4651985?
13
What is the greatest common factor of 1300 and 197476?
4
Calculate the greatest common divisor of 1835 and 16632807.
367
Calculate the greatest common divisor of 120 and 7716120.
120
Calculate the highest common divisor of 18435676 and 56.
28
What is the highest common divisor of 548507947 and 24479?
3497
What is the greatest common divisor of 19770295 and 1670?
835
Calculate the greatest common divisor of 1590 and 6946604.
106
Calculate the highest common divisor of 104318310 and 87450.
1590
What is the greatest common factor of 1242216 and 48?
24
Calculate the highest common divisor of 12 and 12974188.
4
What is the greatest common divisor of 1108 and 428363326?
554
Calculate the greatest common factor of 10526626 and 44.
22
What is the greatest common divisor of 21996360 and 600?
120
What is the greatest common factor of 2331261 and 306?
153
Calculate the greatest common factor of 562 and 1480309967.
281
Calculate the greatest common factor of 13000 and 1597375.
1625
What is the greatest common factor of 5412799 and 4865?
973
What is the highest common divisor of 152528 and 95600?
16
What is the greatest common factor of 42078 and 2154?
6
What is the greatest common factor of 331185 and 6945?
15
What is the highest common divisor of 161 and 3139569?
23
What is the greatest common factor of 468 and 1190286513?
117
What is the highest common factor of 414244786 and 134?
134
Calculate the highest common factor of 4717553 and 3519.
23
Calculate the greatest common divisor of 155163971 and 2326.
1163
Calculate the highest common factor of 42173 and 13679663.
233
What is the greatest common divisor of 232 and 153409710?
58
What is the greatest common divisor of 637 and 685503?
91
Calculate the greatest common factor of 1040 and 2687386.
26
Calculate the greatest common divisor of 2208750 and 2629110.
930
What is the highest common divisor of 1470 and 959910?
1470
What is the greatest common divisor of 739041568 and 348?
116
What is the highest common factor of 20400 and 600900?
300
Calculate the greatest common divisor of 416 and 3884764.
52
What is the greatest common divisor of 91635 and 21238410?
615
What is the highest common divisor of 7012 and 15095083?
1753
What is the highest common divisor of 52285601 and 4209?
1403
What is the highest common divisor of 1347 and 10935?
3
What is the highest common factor of 26351470 and 4695?
1565
What is the highest common factor of 183752 and 47722?
446
Calculate the highest common factor of 130916 and 6164.
92
Calculate the highest common factor of 1442 and 2338546.
14
Calculate the highest common divisor of 6575 and 1657775.
25
What is the highest common factor of 25371 and 4167?
9
What is the highest common divisor of 1594648528 and 176?
176
What is the highest common divisor of 24 and 67343312?
8
Calculate the highest common divisor of 25544642 and 68.
34
What is the highest comm